14, -b - d = b + 4*t. What is the units digit of b?
2
Suppose -2*w = -4*w - s - 11, -w = 5*s + 1. Let y be w/15 + (-166)/10. Let a = 24 + y. What is the units digit of a?
7
Let r(l) = -l**2 + 10 - l**3 + 3*l - 3*l. Let j be r(0). Let x = 0 + j. What is the tens digit of x?
1
Let k = -40 + 67. Let o = k - 18. What is the units digit of o?
9
Let d = 75 - 54. What is the units digit of d?
1
Suppose 4*l = -5 - 7, 3*l + 19 = n. Suppose -n + 0 = -5*d. What is the units digit of d?
2
Suppose -3*u = 6 + 6. Let y(n) = -12*n - 9. What is the tens digit of y(u)?
3
Suppose 0 = 2*f + 3*f - 3*r - 21, 0 = -4*f - 3*r + 6. What is the tens digit of -1 + 16 - 0 - f?
1
Suppose -2*k + 3*g - 140 = -4*k, 4*g - 70 = -k. What is the units digit of k?
0
Suppose -2*w - 3*x = -113, -3*x - 40 = -2*w + 43. What is the tens digit of w?
4
What is the hundreds digit of (-2 - -33)/(2 - (-11)/(-6))?
1
Suppose -13*y - 32 = -9*y. Let q = y - -10. What is the units digit of q?
2
Let o = 364 + -240. What is the tens digit of o?
2
What is the units digit of ((-84)/(-105))/((-2)/(-55))?
2
Let i = 0 - 1. Let z(d) = -d + 1. Let f be z(i). Suppose -p - 2*y + 21 = f*y, 0 = -p + 3*y + 14. What is the units digit of p?
7
Let d = 1 + -2. Let o(n) = n**2 + 11*n - 8. Let j be o(-11). Let z = d - j. What is the units digit of z?
7
Let j(g) = g + 10. Let v(n) = -n. Let f be v(7). Let p be j(f). Suppose a - 3*y = y - 16, 0 = -2*a + y + p. What is the units digit of a?
4
Let p(v) = 7*v + 2. Let w be p(2). Let d = w + -10. What is the units digit of d?
6
Let h(w) = 4*w - 3. Let l(r) = -r**2 + 5*r + 7. Let g be l(5). Suppose -g*b + 16 = -2*b - 2*q, 0 = -3*b + q + 9. What is the units digit of h(b)?
5
Suppose -2*h = 3*w - 6*w + 73, 3*w - 4*h - 77 = 0. Suppose -w = -k - 3. What is the units digit of k?
0
Let f(v) = -v**2 - 10*v - 10. Let a be f(-8). Let g(p) = 2*p - 4. What is the units digit of g(a)?
8
Let n(g) = -4*g. What is the tens digit of n(-6)?
2
Let z(g) = g**3 + 11*g**2 + 7*g - 18. What is the units digit of z(-10)?
2
Let u(f) = -3*f. Let o be u(-1). Suppose o*r + 9 = 0, 3*r + 29 = -6*k + k. What is the units digit of (-39)/(-4) + 3/k?
9
Suppose -4*n - 97 = -3*b, n - 4*n = -b + 74. Let s = -3 - n. Suppose -l - s = -3*l. What is the tens digit of l?
1
Suppose -2*i = -5*i. What is the tens digit of i - (1 - -1)*-9?
1
What is the tens digit of 10/(-30) - 128/(-6)?
2
Suppose 0 = 6*n - n - 5. Suppose 0 = -l + n, -i + 2*l + 3 = -2. What is the units digit of i?
7
Suppose -4*c = -3*c - 5. Suppose 0 = -k - d - c, -k - 3 - 2 = 4*d. What is the units digit of ((k + 0)*1)/(-1)?
5
Suppose 2*w + 2*d - 29 = d, 2*w + 2*d = 24. Let v = -8 + w. What is the units digit of v?
9
Let d(x) = x**3 - 7*x**2 + 10. Suppose -3*g = g + 16. Let c = g + 11. What is the tens digit of d(c)?
1
Suppose 0 = -x - 5*t + 9, -4*t = -5*x - 5*t + 21. Suppose -8*r = -x*r - 16. Suppose 18 = 2*u - f - 2*f, -f + r = 0. What is the tens digit of u?
1
Suppose -3*f + 2*h + 633 = 0, -630 = -3*f - 0*f + h. What is the tens digit of f?
0
Suppose 4*f + 18 + 6 = 0. Let i(s) = s**3 + 7*s**2 + 4. What is the units digit of i(f)?
0
Suppose b - 245 = s - 0*s, 3*b + 3*s - 753 = 0. Suppose -4*z + 4*k = b, -4*k - 11 = 9. What is the tens digit of (-2)/5 - z/5?
1
Suppose -4*s + 20 = 12. What is the units digit of s?
2
Let b(o) = o**3 + o**2 + 20. Let s(h) = 3*h + 2. Let c(v) = -v - 1. Let t(d) = 4*c(d) + s(d). Let p be t(-2). What is the tens digit of b(p)?
2
Suppose -3*q - v + 64 = 0, 5*v - 34 = q - 3*q. What is the tens digit of q?
2
Let a(d) = d**2 - 8*d - 1. Let m(w) = -w**2 + 7*w + 2. Let c(l) = -3*a(l) - 4*m(l). What is the units digit of c(6)?
7
Suppose k - 1 = 2, 5*k = 5*p + 15. Let j(t) = -t**3 - 2*t. Let y(m) = -m**3 - m + 1. Let o(c) = -2*j(c) + 3*y(c). What is the units digit of o(p)?
3
Let p(a) = -a**3 + 6*a**2 - 5*a + 1. Suppose -2*m + 18 = 4*o - o, -m = 2*o - 11. What is the units digit of p(o)?
3
What is the units digit of ((-24)/14)/(30/(-105))?
6
Let o(r) = 10*r + 8. What is the units digit of o(5)?
8
Let m = 0 - -1. Suppose 6*o = 4*o. Let y = m - o. What is the units digit of y?
1
Let i(h) = 0*h + 3*h - 6*h - 10 + h. What is the units digit of i(-9)?
8
Let q be 23*1 + (12 - 11). Let n(z) = -z**2 - 6*z + 5. Let f be n(-6). Suppose -m + 5*m - 2*t - 32 = 0, f*t + q = 3*m. What is the units digit of m?
8
Let y(p) = 11*p**3 + 2*p**2 - 1. Let g be y(1). Let o = g - 0. What is the tens digit of o?
1
What is the units digit of (-8)/10 + 1071/45?
3
Let v be ((-21)/14)/((-2)/4). Let p = -6 + v. What is the units digit of ((-2)/p)/((-2)/(-33))?
1
Let l(i) = i - 13. Let c be l(13). Let h = 17 + -10. Suppose a = -c*a + h. What is the units digit of a?
7
Suppose 0 = 4*f - 5*l - 530, -4*f = -3*l + 108 - 642. What is the hundreds digit of f?
1
Let z(i) = i**2 - 14*i - 38. Let w be z(18). Let n = -24 - -5. Let u = n + w. What is the tens digit of u?
1
What is the hundreds digit of ((-1952)/(-20) - -3) + (-12)/20?
1
Let f(w) = 2*w**2 - 7*w + 7 - 7*w**2 + 4*w**2. Let g be f(-7). Let x = 1 + g. What is the units digit of x?
8
Let y be 274/(-18) + 6/27. What is the tens digit of (2 + 0)/((-3)/y)?
1
Suppose -4*x + 12 = -3*s, -15 - 1 = -4*x + 4*s. Suppose -4*w + 5 + 15 = x. What is the units digit of w?
5
Suppose -o + 184 = -5*o. Let l = -32 - o. What is the tens digit of l?
1
Let r(y) = -y + 1. Let h(t) = t**3 + 5*t**2 - 2*t - 5. Let x be h(-5). Let n = x + -15. What is the units digit of r(n)?
1
Suppose i = 3*q - 165, -5*i + 183 = -4*q + 7*q. What is the tens digit of q?
5
Suppose -2*c + 8 = 2*c. Let y be -1*(-1 - c) - 7. What is the units digit of -2*(18/y)/3?
3
Let i = -10 - -27. Let b = 22 + i. What is the tens digit of b?
3
Suppose -3*n - 410 - 674 = -5*g, -3*g + 650 = -2*n. What is the hundreds digit of g?
2
Let s(v) = -v**3 + v**2. Let g(w) = 2*w**3 - 7*w**2 + 2*w + 6. Let b(u) = g(u) + 3*s(u). Let l be b(-4). Let i = l + 11. What is the units digit of i?
9
Let c be (-2 + 1)/((-2)/(-8)). Let a be c/(-6) - 10/15. Suppose i - 17 = 2*q, a = 5*i - 0*q + 2*q - 25. What is the units digit of i?
7
Let w = -7 + 12. Let j(b) = 3*b - 7. Let k be j(w). What is the tens digit of 1*9/6*k?
1
Let z = -70 - -75. Let j(m) = m**3 + 3*m**2 - 2*m - 4. Let d be j(-3). Let w = d + z. What is the units digit of w?
7
Let y be (-10)/(-4 + 13/3). Let z = y - -72. What is the units digit of z?
2
Suppose 4*i - 14 = 226. What is the units digit of i?
0
Let o = -61 + 30. Let i = -7 - o. Suppose -u = u - i. What is the units digit of u?
2
Suppose -52 = -z - 12. Suppose -6*r + r + z = 0. What is the units digit of r?
8
Let t = -196 - -407. What is the tens digit of t?
1
Suppose -11 = -u + 2*g, u - g = -3*g + 3. What is the units digit of u?
7
Let o(k) = 39*k**2 + 9*k + 12. What is the hundreds digit of o(-2)?
1
Let w(u) = u**3 - 3*u**2 - u + 8. What is the tens digit of w(4)?
2
Let b be 4/2 - (-68 + 1). Suppose 0 = 2*c - 0*m + 5*m - 51, -4*c + m + b = 0. What is the units digit of c?
8
Suppose 5*f + h + 32 = 78, -f - 3*h = -12. Let z = 3 - f. What is the units digit of z/2 + 3*3?
6
Let q = -155 + 226. What is the tens digit of q?
7
Let s(v) = -v**2 + 4*v - 3. Let g be s(3). Suppose -3*x - 15 = -5*h - g*x, h + 20 = -4*x. Suppose h*m - 5*m = -30. What is the units digit of m?
6
Let o = -34 + 70. What is the tens digit of o?
3
Suppose 2*d + 3*d = n - 16, -3*n = 4*d - 10. Let i(v) = v + 21. Let b be i(-16). Let k = n - b. What is the units digit of k?
1
Suppose -28*i + 31*i = 921. What is the units digit of i?
7
Suppose 3*t = y + 12, -2*t = -5*t + 15. Suppose 8 - 1 = 4*c - y*f, -3*c + 5*f + 19 = 0. Let l = 4 - c. What is the units digit of l?
6
Let b = 2 - 3. What is the tens digit of ((-4)/(-8))/(b/(-24))?
1
Let f(x) = 18*x + 23. What is the hundreds digit of f(15)?
2
Suppose -v - 3*c - 14 = 0, 0*v = -2*v - 4*c - 18. What is the tens digit of (4 - v)*(-10)/(-3)?
1
Suppose -8*r = -3*r - 460. What is the units digit of r?
2
Let z = -98 - -146. What is the units digit of z?
8
Suppose -4*z + 5 = 5*m, -z - 5*m = 4*z - 10. Let w = z + -5. Suppose 0 = 3*v + 4*f - 0*f - 9, w = -2*v - f + 11. What is the units digit of v?
7
Let n(v) = -v - 1. Let z be ((-6)/18)/((-1)/(-6)). What is the units digit of n(z)?
1
Let k = -24 + 46. Let l = k - 8. What is the tens digit of l?
1
Let h = -3 -